133310?
10133140
In base 15, what is -133d0 + 8b?
-13344
In base 12, what is -1386658 + 13?
-1386645
In base 8, what is -64 + 231672?
231606
In base 12, what is 60213 + 1091?
612a4
In base 7, what is 431 - -23000?
23431
In base 4, what is -33223212 - -1301321?
-31321231
In base 5, what is 1 - -3113444312?
3113444313
In base 3, what is -1020000 + 102201212?
101111212
In base 10, what is 1121636 - 49?
1121587
In base 11, what is 6935392 + -15?
6935378
In base 6, what is 414 - 103232?
-102414
In base 6, what is 2 - 543012104?
-543012102
In base 7, what is -35 - -144060?
144022
In base 14, what is 3adc5 - -cac?
3bc93
In base 15, what is -13975d1 - -24?
-13975ac
In base 13, what is 1050b13 + -3?
1050b10
In base 11, what is -3 + 107a17079?
107a17076
In base 4, what is 112123 - 311000000?
-310221211
In base 10, what is 166109 - 92?
166017
In base 6, what is -13102051414 + -4?
-13102051422
In base 9, what is 4 + -14484212?
-14484207
In base 15, what is 6 - cc6e87?
-cc6e81
In base 8, what is -3247011 + -245?
-3247256
In base 14, what is 210375d - 2?
210375b
In base 14, what is c441 - -b?
c44c
In base 6, what is 100331254 - -3?
100331301
In base 11, what is -5622a87 - 16?
-5622aa2
In base 15, what is 3d3428 + 5a?
3d3483
In base 9, what is -1102846 + 6?
-1102840
In base 14, what is cd - -5ac8?
5bb7
In base 2, what is -110111 + 1100011111010111110?
1100011111010000111
In base 3, what is 2020011021200 - 0?
2020011021200
In base 15, what is -219c + -173be?
-1956b
In base 12, what is -19173 + 14238?
-4b37
In base 3, what is 1211112210101200122 - -2?
1211112210101200201
In base 5, what is -14211013040241 + 0?
-14211013040241
In base 2, what is -1111100110011 - 100100101011101?
-110100010010000
In base 14, what is -71326c8 - -5?
-71326c3
In base 5, what is 122421243 - -1012?
122422310
In base 8, what is -460 + 1525052?
1524372
In base 7, what is -42403321 - 16?
-42403340
In base 16, what is -e2 + -35a31?
-35b13
In base 7, what is -12 + -6516303?
-6516315
In base 12, what is -2057a3 + -224?
-205a07
In base 12, what is 6 + 165161?
165167
In base 10, what is 11361204 + -1?
11361203
In base 9, what is -848114131 + 1?
-848114130
In base 8, what is -10076261617 - 0?
-10076261617
In base 9, what is 1214583773 - -4?
1214583777
In base 3, what is -2 - 120101202211212?
-120101202211221
In base 6, what is -4055443334 - -1?
-4055443333
In base 2, what is 10001101 + 1001100100101000?
1001100110110101
In base 14, what is -12 + 2a9190?
2a917c
In base 5, what is 1323113224 + 213?
1323113442
In base 16, what is 540a4cd + -b?
540a4c2
In base 7, what is 241360230 + 1?
241360231
In base 12, what is -61 + 4779?
4718
In base 9, what is -544 - 102210?
-102754
In base 11, what is -28016 + 89?
-27a38
In base 13, what is 9294592 - -5?
9294597
In base 16, what is -903 + 6647?
5d44
In base 2, what is -1101111110111001001110 + 110?
-1101111110111001001000
In base 16, what is -33aa - -321?
-3089
In base 11, what is -2 - 56573639?
-56573640
In base 5, what is 3 - -14023334400?
14023334403
In base 16, what is -a - -248cee9?
248cedf
In base 4, what is 123 + -1300303201?
-1300303012
In base 7, what is -16155 + 3421?
-12434
In base 15, what is -2 + -c7e9c7?
-c7e9c9
In base 4, what is -3 + -21212220230203?
-21212220230212
In base 6, what is -210223 + -532?
-211155
In base 2, what is -11000001 + 11100111011110000?
11100111000101111
In base 12, what is -123 - -123b?
1118
In base 2, what is -111011000010 + 1001111010100?
10100010010
In base 12, what is -389a562b - 0?
-389a562b
In base 16, what is 3 - -854298?
85429b
In base 15, what is 71d3b70 + -5?
71d3b6a
In base 10, what is -1 + -12984217?
-12984218
In base 10, what is 954950 - -1?
954951
In base 6, what is -324425 - 124150?
-453015
In base 2, what is -1100011001000111110100 - -11?
-1100011001000111110001
In base 3, what is -220 + -112201100011?
-112201101001
In base 13, what is -b52961 + 2?
-b5295c
In base 8, what is 63 - 2362030?
-2361745
In base 6, what is -1150 - -45003?
43413
In base 3, what is -112022021 - 10122121111?
-11011220202
In base 4, what is 13123120033331 - 11?
13123120033320
In base 16, what is 381b36 + 16a?
381ca0
In base 10, what is 8971 - 7454?
1517
In base 4, what is 1031321 - 200220?
231101
In base 16, what is -7e + -19e903?
-19e981
In base 2, what is 100 - 11111001111010001?
-11111001111001101
In base 14, what is -6025 - -746b?
1446
In base 11, what is -10293a82 + -1a?
-10293aa1
In base 14, what is -3b4a - -12a?
-3a20
In base 11, what is 337 + -162886?
-16254a
In base 9, what is -261281352 + 0?
-261281352
In base 15, what is -1e16d551 + -1?
-1e16d552
In base 10, what is -123463 + 15?
-123448
In base 9, what is -20440060 + -2?
-20440062
In base 9, what is -2345606852 - -1?
-2345606851
In base 6, what is 104201102 - -4?
104201110
In base 13, what is 120b143 + -5?
120b13b
In base 14, what is -1b3b + 6a2?
-1479
In base 13, what is -4 - 4365998?
-436599c
In base 14, what is -81b123 + 17?
-81b10a
In base 6, what is -123254245 - -1351?
-123252454
In base 4, what is -3 + -2210122030?
-2210122033
In base 3, what is -21121 - -20102120201?
20102022010
In base 10, what is 10352678 + -7?
10352671
In base 10, what is 19731 + 629?
20360
In base 4, what is 121323001 + 23?
121323030
In base 7, what is 0 + -1553303021?
-1553303021
In base 7, what is -634226310 + 2?
-634226305
In base 9, what is -5 - 173568142?
-173568147
In base 2, what is -1010110010011 - -1001010110011?
-1011100000
In base 3, what is 21221 - 11122220010?
-11122121012
In base 16, what is 0 - ed3b7b?
-ed3b7b
In base 2, what is 111110110011100 + 10100110?
111111001000010
In base 15, what is -d2ec41 + -2a?
-d2ec6b
In base 7, what is 66001444 + -5?
66001436
In base 6, what is 1250145 - -255?
1250444
In base 14, what is -1549cd + 34?
-154999
In base 13, what is a23b - 2b2?
9c59
In base 15, what is -71be903 - 1?
-71be904
In base 14, what is 1338d + -c1d?
12570
In base 13, what is -61 + c2155?
c20c4
In base 3, what is 1122 - 1110000220011200?
-1110000220010001
In base 7, what is 5 + -2236406033?
-2236406025
In base 14, what is -20 - 10c962?
-10c982
In base 3, what is 2010122101001 + -1100?
2010122022201
In base 7, what is 56534043 - 23?
56534020
In base 4, what is -20132111 + -111003?
-20303120
In base 9, what is -45 + -226073?
-226128
In base 6, what is -2 - 1044045222?
-1044045224
In base 6, what is 5 - -203312144?
203312153
In base 14, what is -229d - -2759?
49a
In base 15, what is 255 - 18138?
-17dd3
In base 2, what is -1001000 + -1110000000000?
-1110001001000
In base 12, what is 91 - -37a728?
37a7b9
In base 15, what is 1a325 + 8?
1a32d
In base 6, what is 20 - 350450433?
-350450413
In base 2, what is -101011010101 + -111000001?
-110010010110
In base 2, what is 110011011 - -111111001110100?
1000000000001111
In base 11, what is -54 + -59458?
-59501
In base 2, what is -101 + 1000001100010100001100111?
1000001100010100001100010
In base 7, what is 10235354 - 164?
10235160
In base 8, what is 20 - 13323041?
-13323021
In base 11, what is 2682 + 5965?
8537
In base 2, what is -1100010 + 100111110101100110111?
100111110101011010101
In base 10, what is 6 + -2342473?
-2342467
In base 12, what is 231b9 - -10410?
33609
In base 16, what is 98 - 3be0?
-3b48
In base 12, what is 47 + 41b070?
41b0b7
In base 5, what is -33433 - 4020120?
-4104103
In base 10, what is -67 + 3530935?
3530868
In base 12, what is -aa45 - -7b?
-a986
In base 13, what is -51768624 - 0?
-51768624
In base 11, what is -31a7 + 55a?
-2748
In base 16, what is 1a + c5d098?
c5d0b2
In base 5, what is 22 - 3432210?
-3432133
In base 3, what is 21202100220 - -1?
21202100221
In base 4, what is -1 - -12013112213?
12013112212
In base 3, what is 11 - 12222202112020?
-12222202112002
In base 7, what is -10215535 - -15?
-10215520
In base 11, what is 4 - -4847a371?
4847a375
In base 10, what is 1012 + -4856?
-3844
In base 8, what is -10 - -1047115?
1047105
In base 3, what is 22200100000020 + -102?
22200022222211
In base 6, what is -3315315522 - 10?
-3315315532
In base 15, what is e06c - 3c52?
a31a
In base 7, what is -6 + -14655113?
-14655122
In base 16, what is -4 - -12d701?
12d6fd
In base 5, what is 3 + -211100321?
-211100313
In base 16, what is 1 + -4aa2f8?
-4aa2f7
In base 15, what is -2818e87 - 1?
-2818e88
In base 12, what is -8567817